 - -1) + -7.
2
10 + -18 - -12 - (1 + -5)
8
(-8 - -2) + 9 + -3 - -5
5
What is (65 - 73) + (0 - -4)?
-4
1 - -7 - (6 + 2 + -5)
5
-5 + (-9 - -19) + -2
3
Evaluate (8 - 1) + -10 + 3.
0
What is (-64 - -62) + 1 + 8 + -1?
6
What is the value of (-12 - (10 + -7 + 0)) + 7?
-8
Calculate 10 - (-5 + 11 + (0 - 6)).
10
What is the value of 1 - (-6 - -13 - 5) - 6?
-7
Evaluate (2 - (-3 + 5)) + -1 + 3.
2
What is (-8 + 3 - -6) + 6?
7
Calculate (7 + -6 - 3) + 3.
1
What is the value of -3 - 1 - -8 - -1?
5
-1 - ((-3 - -4) + 0)
-2
What is the value of 10 + (-1 - -10) + -23?
-4
What is the value of 9 + -5 - 0 - 1?
3
What is 1 + -1 + 0 - -3?
3
-172 + 168 + (1 - (1 + 5))
-9
What is the value of 6 + 2 + (-4 - (1 + -1))?
4
What is the value of 1 - 7 - (-2 - (-6 + 5))?
-5
Evaluate (10 + -2 - 18) + 10.
0
Calculate -2 + 9 + (-5 - -2 - 0).
4
-3 + (3 - 7) + 4
-3
Evaluate -5 - (1 + 0 + -4).
-2
(2 - 12) + 3 + 1
-6
What is the value of (0 - -1) + -14 + 12?
-1
2 + 8 + -4 + -5 + 3
4
Calculate 9 + 5 + -12 + 3.
5
Evaluate (-2 - 0 - 1 - 0) + -2.
-5
(-8 - -1) + 17 + -25 + 18
3
What is the value of (4 + (2 - 6) - -1) + 2?
3
4 + 17 + -18 + (-8 - 2)
-7
What is the value of (-3 - (6 - 5)) + 1 + -2?
-5
Evaluate (3 - 2) + (-5 - (-1 - 2)).
-1
4 + (0 - 8 - (-1 + -3))
0
What is the value of 5 + -20 + 8 + -1 + 19?
11
What is 1 + 1 + 2 + -5?
-1
(4 - (1 - 1)) + (-37 - -34)
1
What is the value of -1 + 5 + -7 + 4?
1
What is -1 - (5 + 2 + (-14 - -9))?
-3
-2 + 1 + (18 - 25)
-8
Evaluate -1 + -6 + (0 - -6).
-1
Evaluate 6 - 7 - (8 + 0) - -3.
-6
What is the value of 1 + 4 + 10 + -14?
1
What is the value of -3 + -3 + (1 - 4) + 7?
-2
Evaluate 3 + (-5 - -4) + -3.
-1
What is the value of -4 + 7 + -7 + (-1 - -8)?
3
8 + -9 + (0 - 2)
-3
What is -7 - (-4 + (-3 - 0))?
0
What is the value of 9 + -28 + (-1 - -10)?
-10
What is the value of (-4 + 1 + 5 - 0) + 4?
6
Evaluate 3 + -5 - (1 + -2).
-1
What is the value of 0 - (0 - 2) - (44 + -37)?
-5
7 - (26 + 7 + -19)
-7
Evaluate 2 - 1 - (16 - (4 + 13)).
2
-1 + (4 - 2) + (80 - 76)
5
What is the value of -8 + (2 - 0) - -1 - 0?
-5
What is the value of (3 - -2 - 11 - -10) + -8?
-4
What is 4 + (4 - 1) + -12?
-5
Calculate -2 + -1 - (4 + -13 - -8).
-2
What is 2 + -5 + 10 - 4?
3
What is the value of -2 + 0 + (-5 - -5)?
-2
Calculate (4 - 2) + -1 - (23 - 13).
-9
Calculate 22 + -30 + (4 - 2).
-6
Evaluate -74 + 80 + (-1 - -13) - 9.
9
(3 - 7) + 7 - 4
-1
What is the value of -1 + (1 + 6 - 1) - 3?
2
What is the value of 0 + -1 - 2 - -2?
-1
Evaluate 1 + (3 - 6) + -1.
-3
What is the value of -1 + 3 - 1 - (-3 + 0)?
4
Calculate (26 + -3 - 8) + -11.
4
Evaluate -6 - 3 - -5 - -12 - 1.
7
-2 - (8 - 15) - -1
6
Calculate (-36 - -34) + (-1 - 2).
-5
What is 10 + -6 + -2 + -4 + -1?
-3
Evaluate -11 + 1 - (-57 - -50).
-3
What is the value of -1 + -5 + (-3 - -5)?
-4
What is -2 + 6 + (3 - -4 - 12)?
-1
What is the value of 3 - -2 - (-17 - -16)?
6
What is the value of 1 - -1 - ((8 - 9) + 11)?
-8
Calculate 2 + (-11 - -7) + -3.
-5
What is -7 + 8 + -8 - -4?
-3
Evaluate -3 + (11 + -3 - 3) + -1.
1
(-3 - 2 - -4) + 4
3
Evaluate 22 + -19 + -6 + 1 - 1.
-3
(-1 - 0) + (11 - 20 - -13)
3
4 - (0 + (-2 - -4)) - 0
2
Calculate 1 + -1 - (13 + 2 - 10).
-5
Calculate (-4 - -8) + (-3 - (1 + -1)).
1
Evaluate 8 + (6 - 10) - -1.
5
What is -9 + 6 + (1 - -2) + 0?
0
Evaluate (2 - 0) + (6 - (19 + -10)).
-1
(1 - 3 - -2) + (11 - 6)
5
Calculate 6 - -10 - 8 - 1.
7
What is -1 - (-7 - (-18 - -5))?
-7
What is 4 + 3 + 1 + -5?
3
Evaluate (3 - (-9 - -16)) + 10.
6
What is the value of (3 - 10) + 15 - 7?
1
Calculate 4 - 0 - 5 - (-1 - 1).
1
-6 + (-1 - -7) + (-9 - -6)
-3
Calculate (-2 - -5) + (-2 - -4) + 0.
5
What is 2 + -9 - (-4 + 2)?
-5
Evaluate 1 + -2 + -3 + 0.
-4
-7 - (3 + (-8 + 0 - -4))
-6
What is the value of (-2 + -3 + 3 - -1) + 1?
0
Evaluate -13 + 12 + (-7 + 2 - -1).
-5
Calculate 3 - 1 - (7 - 10).
5
What is -1 - (1 + -2) - (-1 + 1)?
0
-6 + -1 + 2 + -2 + 4
-3
Evaluate 1 - ((6 - -3) + -4).
-4
Calculate -13 + 7 + 13 - 0.
7
7 + (15 + -14 - 19)
-11
What is 3 + 0 + 8 + -10?
1
What is (0 - -1 - 1) + (-6 - -3)?
-3
Calculate (-6 - (-3 + 0)) + -1.
-4
What is the value of (0 - 0) + -2 + 0 - 2?
-4
What is -7 - (-17 - (-6 + -3))?
1
Evaluate -2 - (-1 - -5) - -5.
-1
What is the value of 3 + 4 + -9 + (-1 - -5)?
2
1 + 10 + -8 + 0
3
4 + (-6 - -6) - (4 - -4)
-4
What is 11 + (0 + -5 - 1)?
5
What is -9 + 4 + 8 + 0 - -3?
6
5 + (-10 - -1) + 3
-1
Evaluate 3 - (4 + 4 - 4) - -1.
0
(0 - (8 - 1)) + 81 + -76
-2
Calculate (-22 - -9) + 2 + 10.
-1
Calculate 1 + 2 + -4 + 4 + -3.
0
Evaluate (-3 - -1 - 2) + 7.
3
-3 + (-2 - (-7 - -3) - 2)
-3
What is -3 - (0 - 3) - 1?
-1
5 - (-3 - -2 - -3) - 2
1
-3 + 0 - (22 + -28)
3
What is -13 + 11 + 1 + 4?
3
-19 - -20 - (-4 + 8)
-3
-1 + 6 + (-8 - -4)
1
What is the value of -8 + 4 + 1 + 7?
4
Calculate (-10 - -10) + (1 - 1).
0
Evaluate 0 + (-5 + 1 - (-6 - -7)).
-5
-7 - -4 - (-5 + 3)
-1
Evaluate -7 + 2 + (9 - 2) - 2.
0
Evaluate -3 - (-5 - -1 - -3 - 3).
1
What is the value of 15 - (1 - -6) - 1?
7
What is the value of 2 + -1 + (1 - -2)?
4
Calculate 0 + (-1 - -2 - 4) - -7.
4
-3 + -2 + 6 + -1 + -5
-5
Calculate (-8 + 3 - (-1 + -1)) + -3.
-6
Calculate 5 + (-5 - (-3 + 1)) + 3.
5
Evaluate (1 - (-4 + 1)) + -1 + 0.
3
12 + -6 - (9 + -6)
3
What is 3 + 0 - (1 - (6 - 5))?
3
-16 - -24 - (1 + 6)
1
What is 0 + 8 + -6 + -2 + 3?
3
What is the value of (1 + -2 - -3) + -2?
0
What is -6 + 0 - (6 - 6) - -3?
-3
-1 - (-1 + 6 + -8 + 8)
-6
Calculate (7 + 2 - 7) + 1 + -7.
-4
What is -3 + 1 + (-3 + 9 - 3)?
1
What is the value of (-4 - -4) + -3 + 8 - 1?
4
Evaluate -13 + 19 + -10 + -3.
-7
What is 1 + 0 + 1 - (-6 - -13)?
-5
Calculate (-2 - 0) + -9 + -8 + 21.
2
Evaluate (13 - 12) + (4 - (1 + 1)).
3
Calculate 2 + -7 + 6 + -2.
-1
Calculate 11 - (22 - (-13 + 16)).
-8
What is the value of -2 + 7 - (-4 - (4 - 11))?
2
-3 - (-5 - ((-1 - 3) + -2))
-4
What is the value of (-1 - -1) + -2 - -5 - -2?
5
What is -2 - ((-1 - 0) + 3)?
-4
Evaluate 10 + (-8 - -2 - 11).
-7
-1 + 2 - (-6 - (-4 + -3))
0
Evaluate 4 + (-16 - -7) + 4.
-1
Evaluate (1 - 0) + (2 - (11 + -15)).
7
Calculate 1 - (4 + 1 + -1).
-3
Calculate 0 + -6 - (-5 - -3).
-4
What is (-1 + 2 - 1) + 1 + 3?
4
What is the value of 0 - (-4 + -1 + 3)?
2
0 - (5 + -10) - 4
1
8 + (-12 - -18 - 7)
7
Evaluate -1 - (-1 - -8 - 3).
-5
(-386 - -389) + (-1 - (0 + 2))
0
What is -6 + 5 + 5 + 1?
5
Calculate -5 + (6 - -5 - 8).
-2
Calculate 1 - (-5 + 10 + -10).
6
What is (-3 - -1) + 5 + (-7 - 1)?
-5
What is the value of (15 - (8 + -7)) + -23?
-9
What is (0 - 1) + (8 - 6) - 6?
-5
-7 + -2 + (6 - 8) + 2
-9
Evaluate 1 + 0 + (-3 - (-11 + 6)).
3
Calculate 0 + 2 - (4 - 6).
4
-6 - (-5 - (6 + -6))
-1
Calculate 2 - (1 - 5) - 3.
3
(40 - 30) + (2 - 16)
-4
Evaluate 1 + -4 + (23 - 17).
3
What is the value of (-1 - 1) + 2 - (-3 - -5)?
-2
What is the value of -6 + (10 - (-7 + 8))?
3
Calculate 2 + 1 + -8 - -2.
-3
Evaluate (1 - -2 - 2) + 3.
4
What is the value of -12 - (-5 + 6 - 8)?
-5
Evaluate 2 + (5 - ((4 - 5) + 10)).
-2
13 + (-9 + -8 - -6)
2
-3 + 0 + (9 - (3 + -2))
5
Calculate (4 + -2 - 1) + 17 + -22.
-4
Evaluate -2 + 3 + -7 + 1.
-5
What is the value of 4 - (0 - (6 + -3 - 2))?
5
What is the value of 3 + (-6 - -6) - (9 - 1)?
-5
What is -5 + -1 + -4 - (0 - 7)?
-3
Calculate -5 - (-1 + 1 - 5).
0
Calculate 6 + -4 - (1 - 5).
6
Calculate 6 + 14 + -16 + (1 - 1).
4
Evaluate (18 + -7 - 21) + 14.
4
Calculate 2 + 1 - (-6 - -5).
4
Evaluate 8 + -1 + -8 + 4.
3
What is the value of -4 - (1 - (9 - (13 + -8)))?
-1
Evaluate (7 - (1 - -10)) + -1 + 4.
-1
5 - ((-1 - 3) + -1 + 16)
-6
Evaluate 5 + -2 + -6 + (-4 - 0).
-7
-1 + (2 - 4) - 2
-5
What is 10 + -12 + 4 - 9?
-7
Evaluate (10 - 1) + -5 - 4.
0
Evaluate -6 - (-1 - -2) - (-5 - -3).
-5
Calculate -9 + 27 + -4 - 21.
-7
What is -1 + (-5 - (5 + -8 + 1))?
-4
Calculate -2 + -3 + 4 + 3.
2
What is (2 + -3 - -5) + -2?
2
(3 - (2 + 6)) + 4 + 7
6
What is the value of 5 + 1 + -7 + (-5 - -6)?
0
What is 1 - (0 + (1 - 0) - -6)?
-6
What is the value of -4 + (-2 - -2 - (4 - 7))?
-1
14 + -10 + (0 - (5 + -2))
1
-6 + 0 + 14 + (0 - 2)
6
4 - (5 - 0 - 2)
1
Evaluate (2 - 6) + 10 + -9.
-3
What is the value of (7 + -4 - -1) + -2?
2
Calculate -4 + -7 + 22 + -8.
3
-4 + 3 - (-1 + (-1 - 0))
1
Evaluate 3 + -2 - (3 + -2).
0
15 - (6 + 4) - (4 - 1)
2
1 - (-7 + 3 + 7)
-2
3 + (6 - 3) + -11
-5
(2 - 3 - -4) + -2 - 5
-4
-5 - (-5 - 11) - (-5 + 12)
4
Calculate (5 - (2 + -1)) + -4.
0